 = 0, -4*v = 3*a - 21266 + 855. Is a a prime number?
False
Let r(q) = -20594*q + 1025. Is r(-8) prime?
False
Let v(g) = -3*g**3 + 29*g**2 + 176*g + 47. Is v(-39) a composite number?
False
Let m be (10/(-45) - 24585/54)*-2. Suppose -5744 = -2*l - 2*k, -5*l = 3*k - 11145 - 3221. Suppose -6*y + m = -l. Is y a prime number?
True
Suppose 658 - 698 = -20*n. Let g = -10224 - -14587. Suppose -5*y + g = n*v, -3*y - 12 = y. Is v a prime number?
False
Let v(h) = 2*h**2 - 2*h - 42. Let l be v(-5). Suppose -15119 = l*q - 66113. Is q a composite number?
False
Suppose 17*t - 74 = 13*t + 3*k, 5*k = -5*t + 110. Is 68*(2 - (-25)/t) a composite number?
True
Suppose -563*x = -650*x + 77954001. Is x a prime number?
False
Let b = 3808 + -508. Let n = b + -8003. Let s = n - -6748. Is s a prime number?
False
Let j(g) = g + 7. Let z be j(-2). Suppose -y + 3*n = 6, z*y + 4 + 4 = 4*n. Suppose 0 = -y*v - 5*v + 3235. Is v a prime number?
True
Let c(l) = 335268*l - 221. Is c(1) a composite number?
False
Suppose -4*a + 50 = 38. Suppose -2*v = -a*f - 4*v - 942, -4*v = 0. Let s = 252 - f. Is s composite?
True
Let c(m) = 989*m**2 - m + 3. Let u(x) = -15*x + 301. Let h be u(20). Is c(h) composite?
False
Let o = -1688 - -3188. Suppose 54*g = 16196 + 2218. Let p = o + g. Is p composite?
True
Let g(o) = 174*o**2 + 22*o + 68. Let b be g(-4). Is b/(-4)*(-3 + 2) composite?
False
Let i(g) = 295*g**2 - 16*g - 11. Let c(s) = -2*s. Let h(x) = -3*c(x) + i(x). Is h(-2) a composite number?
True
Let g(d) = 1838*d**2 - 5*d + 104. Is g(23) prime?
False
Suppose 4638*n = 4662*n - 1617384. Is n a composite number?
False
Suppose -25*t = 261788 - 257604 - 1472359. Is t prime?
True
Let t(l) = -2*l**3 - 2*l**2 - 15*l - 26. Let c = -188 + 181. Is t(c) composite?
True
Suppose 3*y - 62 = 2*d, 2*d + 2*d = -3*y + 56. Is 4/y - (-4932)/15 a prime number?
False
Let q(w) = 5*w + 40. Let n be q(-8). Suppose -15*k - 678 + 16683 = n. Is k a prime number?
False
Let o(n) = -2*n + 23. Let l be o(7). Let y(a) = -12 + 9 + 2*a**2 + 8 + 6 - l*a. Is y(8) a prime number?
True
Let m be (2 - -5 - 6) + 7*9. Is (0 - (-42 - 5)*m) + 3 composite?
False
Let f be -4*(-25)/2*(-23)/(-230). Suppose 61*u = 56*u - 5, -f*i = u - 27574. Is i composite?
True
Suppose 4*f + 1 = -5*g + 4, f = 3*g + 22. Suppose 5*c - 3850 = 5*m, 2 = f*m - 9*m. Is c composite?
False
Suppose -4*k + 8 = 3*o - o, -5*o = -3*k + 32. Suppose -f = -5*d + k*f + 35, 0 = 3*f + 6. Suppose -820 = -5*v + d*a, 38 = v - 2*a - 127. Is v a composite number?
False
Suppose -4*v = -92 - 80. Suppose v*c + 4783 = 44*c. Is c composite?
False
Suppose 0 = -u + 17 + 124. Suppose 0 = -5*d + 5*h + 235, -4*h - u = -7*d + 4*d. Is d prime?
True
Let w = 501 + -261. Suppose 4*r - 3*n = r + 261, 3*r - w = -4*n. Is (-2)/8 + 12537/r composite?
False
Suppose 5*w + 1259273 + 520067 = 25*w. Is w prime?
False
Let z be (-18709)/6 + 4 + 161/(-42). Let o = z + 6905. Is o prime?
False
Let q = -81 - -71. Is (-16945)/q + 18/(-12) a prime number?
True
Suppose -g = -6*g + 80. Suppose 61*w - 65*w = -g. Is 32/10 - w - 29187/(-15) composite?
True
Is 5/5 + 3/(-6)*(-3966336)/8 a prime number?
False
Let w(m) = -m**3 + 25*m**2 + 2*m - 10. Let n(f) = -2*f**3 + 26*f**2 + 3*f - 9. Let g(y) = -2*n(y) + 3*w(y). Let i be g(-23). Is (-1 + 74/5)/(i/(-60)) prime?
False
Let c = 530303 + -120198. Is c a prime number?
False
Suppose 22*p + 146420 - 45352 = 0. Let f = p + 7031. Is f a composite number?
False
Let i = -26905 - -14982. Let b = -5390 - i. Is b composite?
True
Suppose 29*z - 8394132 = -3091975. Is z a composite number?
True
Suppose 3*r = 2*r + 98. Let f = r - -60. Is f composite?
True
Let u(s) = -33476*s + 195. Let q be u(-5). Suppose -31110 = 35*m - q. Is m prime?
False
Let w = 153 - 93. Suppose 3*b + w - 810 = 0. Let q = b + 13. Is q prime?
True
Suppose -394*g + 2*a + 39639 = -393*g, -4*a - 8 = 0. Is g prime?
False
Let s = 957 - 947. Let v(c) = c - 1. Let t(r) = 2*r**2 - 15*r - 7. Let w(b) = t(b) + 6*v(b). Is w(s) a prime number?
True
Let x = 348259 - 233108. Is x prime?
True
Suppose 24*o - 5980763 + 1784339 = 0. Is o prime?
True
Suppose -11849058 - 2046588 = -222*k. Is k a prime number?
False
Suppose 0 = 18*v - 115 - 11. Suppose v*n - 10*n + 3183 = k, 5*n - 5305 = k. Is n prime?
True
Let d(i) = 106*i + 44. Let j(z) = -53*z - 22. Let w(v) = 3*d(v) + 7*j(v). Let t be w(-6). Suppose 3*y + 96 = x + 22, -t = -4*x + 3*y. Is x a composite number?
True
Is 29038/3*((-511)/(-14) - 26) prime?
False
Let f = 125 - 145. Is (-290)/f - 14 - (-13581)/2 a prime number?
True
Is 243/(-27)*((-468901)/36 + (-2)/(-8)) a prime number?
True
Let m = 4352 + -9408. Let x = m - -8463. Is x prime?
True
Is ((-1569532)/8 - -16)*(2 - 4) composite?
False
Let u = 29 - 24. Suppose 15 = u*v - 0*v. Suppose 0 = -5*m + 2*h + 161, 3*h - v = -m + 19. Is m a prime number?
True
Let d(w) = 2*w + 1. Let u be d(1). Let x = -2006 + 2376. Suppose x = -u*n + 2389. Is n a composite number?
False
Suppose 5*i + 4*c - 27 = 2*c, c + 19 = 4*i. Suppose -391 = -i*y + 1074. Let v = y + 404. Is v prime?
False
Suppose -7*r - 2*r = -45. Suppose -5*u + r*t + 1840 = 0, 2*u - 5*t - 324 = 403. Is u a prime number?
False
Suppose -3*x + 471873 + 109169 = 5*r, r + 4*x = 116205. Is r a composite number?
True
Let o(d) = 113*d + 21 + 15 - 10 - 4*d. Let p be o(8). Suppose -6*i + 5752 = p. Is i a prime number?
True
Let o(w) = -11 - 22 - 4*w + 3*w. Let b be o(-15). Is 284 + (b/(-3))/2 a prime number?
False
Is 885/6*(-284794)/3275*(1 + -6) a prime number?
False
Suppose 7848750 - 28790951 - 3261109 = -30*x. Is x a composite number?
True
Suppose 69697 = 5*m - 4*j + 2*j, 69694 = 5*m + j. Suppose -24*c + m = -66965. Is c prime?
True
Let v(a) be the third derivative of 0*a + 0 + 4*a**2 + 1/120*a**6 - 11/24*a**4 + 25/6*a**3 - 3/20*a**5. Is v(10) composite?
True
Let l(w) = 1005*w**2 + 10*w + 142. Is l(-11) a prime number?
True
Let q be (-15)/(-12) - (-9)/12. Let n be ((-32)/(-18) + (-22)/(-99))*q. Let j = n + 4707. Is j a composite number?
True
Is (-93706)/(-3) - 15*9/405 a prime number?
False
Let o(m) = 9*m - 25. Let k be o(3). Is k*(-1)/((-6)/29001) a composite number?
True
Let s(l) = l**3 + 5*l**2 - 9*l - 4. Let i be s(-7). Is -145*(i/15 - -2) a composite number?
True
Let b be (-9 - -15)/((-4)/(-794)). Let s(j) = -111*j**2 + 3*j + 2. Let k be s(-2). Let i = k + b. Is i a prime number?
True
Let j(l) = 5*l**2 - 13*l + 15. Let u be j(7). Suppose -u*a = -172*a + 4830. Suppose -8*w - 6*w + a = 0. Is w prime?
False
Is (-1 - (-1 - -2)) + 123943 + 56/7 composite?
True
Let v(n) = 1033*n - 821. Is v(24) a prime number?
True
Let a be 477/63 + 6/14. Suppose -6 = 3*i - 18, -a = q - 3*i. Suppose -q*v + 1299 = 247. Is v a composite number?
False
Is (-238291 + 33)*(42/28 - 4/2) a prime number?
True
Suppose 8*p = -3*a + 3*p + 189, 3*a = -p + 201. Let u = a + -57. Suppose -u*n + 8*n = -2667. Is n a prime number?
False
Suppose -115*b - w - 4115 = -119*b, 2*b - 4*w - 2082 = 0. Is b composite?
True
Let n(p) = 7590*p + 197. Is n(11) prime?
False
Suppose 14*w = -3*x + 11*w + 316284, -x = 2*w - 105419. Is x composite?
False
Suppose 3*r = g + 8, 3 = -3*r + 6. Is ((-29)/2)/((-5)/(-2650)*g) a composite number?
True
Let w(r) = -3*r**2 - 12*r. Let g be w(-4). Suppose -5*p + 46343 - 3908 = g. Suppose 12*y = 3*y + p. Is y a composite number?
True
Suppose 13243 = 14*b - 9339. Suppose 2*n - 4*a = 650, -5*n - 12*a + b = -10*a. Is n a composite number?
True
Suppose 3*d = 15, 4*d = 3*k - 2*k - 533. Let j = 201 - k. Let u = 4505 + j. Is u composite?
False
Let l(v) be the first derivative of 4 + 3*v + 7/2*v**2. Is l(8) composite?
False
Let p be (49/14 + -1)*(-18)/(-5). Suppose 1012 = p*t - 887. Is t prime?
True
Suppose -61894 = -37*c + 30*c. Is 1/6 + c/12 a composite number?
True
Let l(n) = -263*n + 23. Let q(y) = 260*y - 22. Let z(b) = 7*l(b) + 6*q(b). Is z(-18) a prime number?
True
Is (-145)/(-20)*(162890/10 - -3) prime?
False
Suppose -5*q - 3*d + 395642 = 0, 311507 + 84119 = 5*q - d. Is q composite?
True
Let h = 50 + 2. Let q = h + -12. Suppose 2*x = -3*t + q + 131, -90 = -x + 3*t. Is x a composite number?
True
Is 914354/2 - (0 - 8 - -2) prime?
True
Let i(d) = d**3 - 53*d**2 - 271*d - 134. Is i(65) a composite number?
True
Let q be 4*3/48 + 238/8. Suppose q*r - 16123 = 7*r. Is r a composite number?
False
Let t = 191 + -